. Suppose 5*x = -w + x + 35, -115 = -2*w + x. What is the greatest common divisor of n and w?
11
Suppose 6*q = 3*q + 87. What is the highest common divisor of 58 and q?
29
Let k = 138 - 127. What is the greatest common divisor of k and 253?
11
Let n be (-176)/(-28) + 2/(-7). Suppose 50 = -3*k + n*k + 5*r, 2*k - 4*r = 26. Calculate the greatest common factor of 5 and k.
5
Let g = -14 + 15. What is the greatest common divisor of g and 1?
1
Let j be 1/(-3) - 244/(-3). Suppose x - 11 = -2. What is the highest common factor of j and x?
9
Suppose -2*n + 7 + 7 = 0. Let g(a) = a**3 + 7*a - 7 + 8*a - 8*a - 8*a**2. Let z be g(8). Calculate the highest common factor of z and n.
7
Suppose -o + 80 + 10 = 0. Let d = -42 + o. Suppose 0 = -3*u - 2*a + 16, 2*u - 5*a = u + 11. What is the greatest common divisor of u and d?
6
Let u(v) = v**2 + v + 16. Let d be u(0). Let a = 6 + -5. Suppose 5*t = 21 - a. Calculate the greatest common divisor of t and d.
4
Let w = 28 + -25. Calculate the highest common factor of w and 15.
3
Let b be (4/6)/((-4)/(-18)). Let z be 1/2*12/b. What is the highest common divisor of 6 and z?
2
Let q be (-53 + -7)/(-6) - (-2 - -1). Suppose 6*r - 47 = r + 4*w, 2*r - 16 = 3*w. Calculate the greatest common factor of r and q.
11
Suppose 3*s - 4*s + 3*l + 2 = 0, -5*l + 10 = 0. Let b be (-3)/(10/3 + -3). Let a = b + 33. What is the highest common divisor of a and s?
8
Let t(q) = 3*q - 1. Let v(u) = 5*u - 2. Let j(k) = 8*t(k) - 5*v(k). Let m be j(-6). Calculate the highest common factor of m and 56.
8
Let d = 9 + -5. Let x be (1 - 4) + 10 + 1. What is the greatest common factor of x and d?
4
Let a(c) = c**3 - 10*c**2 + 8*c + 10. Let i be a(9). Let h be (-2)/(1*(i + -2)). What is the greatest common factor of h and 3?
1
Suppose 0 = -0*m - 2*m + 4. Suppose j - 156 = -2*j + m*t, 2*j - 102 = 2*t. Calculate the highest common factor of j and 6.
6
Let l = 30 + -17. Suppose 4*b - 23 = 4*f - 147, b - 33 = -f. Suppose -2*g + d = -4 - l, -5*d + f = 3*g. What is the greatest common factor of 18 and g?
9
Let k = -2 + 4. Suppose -454 = -k*h - 8. Let p = h - 153. Calculate the highest common divisor of p and 10.
10
Suppose -2*m - 37 = -u, 4*u - 3*u = 5*m + 40. What is the highest common divisor of 7 and u?
7
Let o(l) = -l + 166. Let a be o(0). Let h = a - 111. What is the greatest common divisor of 11 and h?
11
Suppose 16 = -x + 3*j, -4*x - 64 = j - 4*j. Let c = x - -52. What is the highest common divisor of 12 and c?
12
Let n be 0 - (2 - 0 - 6). Suppose 0 = 3*w + 5 - 29. Calculate the greatest common factor of n and w.
4
Let z be (-159)/(-12) + (-9)/(-12). Suppose 0 = -4*n + 22 + z. Calculate the greatest common divisor of 9 and n.
9
Let q be (-1 + (-80)/(-6))*3. Let h = -5 + 1. Let y = q + h. Calculate the greatest common factor of y and 3.
3
Suppose 4*h = -i - 3 - 2, 4*h + 20 = 0. Suppose -3*k + 75 - 12 = 0. Let r = k + -11. What is the greatest common factor of r and i?
5
Suppose 3*o = -2*q + 313, 3*q + 108 = o - 0*q. Calculate the highest common divisor of 42 and o.
21
Let k be ((-693)/6)/7*4/(-3). Suppose 4*y = -0*y + 264. Calculate the greatest common divisor of k and y.
22
Suppose 0*a + 39 = a. Calculate the highest common factor of a and 26.
13
Suppose v + v - 700 = -4*h, h = -5*v + 166. Let c be h/6*(-165)/(-10). Suppose 0 = 5*o - c - 156. What is the greatest common divisor of 16 and o?
16
Let r = 0 + -2. Let g be 186/(6/3) + r. What is the greatest common divisor of 13 and g?
13
Let a be (4/(-3))/((-4)/18). Let n = -27 + 42. Calculate the greatest common divisor of n and a.
3
Suppose v = -2*k + k + 10, -5*k + v + 44 = 0. What is the highest common factor of 63 and k?
9
Let y(d) = 5*d - 5. Let l be y(4). Let g(a) = -180*a**3 + a**2 + a. Let c be g(-1). Suppose -5*v = -v - c. Calculate the highest common factor of v and l.
15
Let w(j) = j**3 - 2*j**2 + 4. Let l be w(3). Calculate the greatest common divisor of l and 13.
13
Let s be 2/7 - 12/(-7). Let t be 7/s*(-7 - -3). Let m = 28 + t. Calculate the highest common divisor of m and 42.
14
Let y(b) = -6*b**3 - b**2 + b + 1. Let t be y(-1). Suppose 5*r + 41 = f + f, 0 = f + t*r + 17. Calculate the highest common divisor of f and 4.
4
Suppose m - 6 - 3 = 0. Suppose -3*k - 2*k + m = -2*u, -u - 3*k + 12 = 0. Calculate the highest common factor of 9 and u.
3
Let x = 4 - 2. Suppose -9 = -2*t - y, -2*t = -2*y - 0 + 6. Suppose f = x*k - 2*f - 40, 12 = t*k + 4*f. What is the greatest common divisor of 35 and k?
7
Suppose -4*p - 5*z + 108 = -89, 3*p + 2*z = 146. What is the greatest common factor of 8 and p?
8
Let b(s) = -s**3 + 11*s**2 - 10*s. Let q be b(7). Let r(w) = 2*w**2 - 2*w - 3. Let k be r(-2). Let y = k - -5. What is the greatest common divisor of q and y?
14
Let l be (-3 + -9)*3/(-4). Let n be (16/(-10))/(8/(-20)). Let o be (-2)/n - (-65)/10. Calculate the greatest common factor of l and o.
3
Let t be (-84)/8*4/(-3). Let m be (-230)/(-35) - (-6)/t. What is the greatest common divisor of m and 28?
7
Let y(s) = -s**2 - 7*s + 10. Let n be y(-8). Let o(v) = 0*v + 5 - n*v - 1. Let u be o(-3). What is the greatest common divisor of 100 and u?
10
Let p(t) = 14*t - 8*t - 2*t. Let a be p(2). Let m(c) = 16*c**2 + c - 1. Let u be m(1). Calculate the greatest common factor of a and u.
8
Let g be -9*6*8/(-18). Calculate the highest common factor of g and 36.
12
Suppose 3*t = 8*t. Let z be (1 - t)/((-3)/(-96)). What is the highest common divisor of 8 and z?
8
Let w = -22 - -40. Let g(p) = p - 1. Let a be g(2). Suppose 0 = 5*n + 20, 0 = 5*q - 5*n + 9*n + a. Calculate the greatest common divisor of w and q.
3
Suppose 0 = -n - 4*l + 13 + 23, -5*l = -n + 45. Suppose 0 = 4*v - 4 - 28. What is the greatest common factor of n and v?
8
Let b = 6 - -6. Let m(v) = 3*v - 24. Let z be m(10). Calculate the greatest common divisor of b and z.
6
Let a = -11 - -41. What is the greatest common factor of a and 10?
10
Suppose 5*i + 235 = 935. Calculate the highest common divisor of i and 56.
28
Let x(d) = 4*d + 1. Let r be x(4). Suppose -2*s = 2*s - 124. Let t = r + s. Calculate the greatest common factor of 16 and t.
16
Let k(l) = 18*l**3 - 2*l. Let v be k(2). What is the highest common divisor of v and 20?
20
Let j = 47 - 27. Suppose q - 3*q + j = 0. Let t be -2 + (5 + 1 - -1). Calculate the highest common factor of q and t.
5
Let d be 2 - (-1 + (-1 - 1)). Suppose d = -4*i + 25. Let z(y) = -6*y - 1. Let h be z(-6). Calculate the greatest common factor of h and i.
5
Let r be 310/7 + (-4)/14. Let a be (-1)/(-3)*(0 - -15). Suppose a*y - 40 = -5*k, y - 15 = -3*k + 15. Calculate the highest common divisor of r and k.
11
Let a = -153 + 362. Calculate the highest common divisor of 19 and a.
19
Suppose -u - 4*v + 21 = 0, 2*v + 0*v = -4*u + 14. Calculate the greatest common factor of u and 4.
1
Suppose 0 = 2*q + 2*q - 8. Calculate the highest common divisor of q and 14.
2
Let r = 44 - -186. What is the greatest common divisor of r and 46?
46
Let a = 26 - 24. Suppose -g - 25 = -a*j - 4*g, -2*g = -4*j + 74. Calculate the highest common divisor of j and 85.
17
Let r = -30 - -203. Let b(d) = -15*d - 5. Let t be b(-6). Let q = r - t. Calculate the highest common divisor of 11 and q.
11
Suppose 5*o = 2*o + 12. Let l be 3/(51/(-27) + 2). Let a = -7 + l. What is the greatest common factor of o and a?
4
Suppose -2*m + 57 = m. Let b = m + -11. Calculate the greatest common divisor of b and 20.
4
Suppose 0 = 3*a - 5*y - 1 + 3, 0 = 3*a - 3*y - 6. Suppose -6*k + a = -3*k. Let o be 97 - (k/2 - 3). Calculate the greatest common divisor of o and 11.
11
Let b(v) = -3*v + 2. Let u(z) = 7*z - 4. Let q(h) = 5*b(h) + 2*u(h). Let a be q(0). What is the greatest common divisor of a and 2?
2
Let k = 157 + -87. Calculate the highest common divisor of 14 and k.
14
Let v(n) = n**2 - 7*n - 2. Let k be v(6). Let x = 3 - k. Suppose 4*l = 3*b - 45, 4*b + 2*l = b + 27. What is the greatest common divisor of x and b?
11
Let f = 9 + -1. Let w(u) = 9*u + 6 - 7*u + 9*u. Let m be w(6). What is the greatest common factor of f and m?
8
Suppose -3*f + 100 = -r, 4*f + 6*r - 9*r - 125 = 0. What is the greatest common factor of 10 and f?
5
Let s be 4/14 - 214/14. Let d be (2 + 0)*s/(-6). Suppose -c + 5*k + 128 = 2*k, 0 = -2*c + d*k + 261. Calculate the greatest common factor 